5.
60
Calculate the remainder when 286014 is divided by 1787.
94
Calculate the remainder when 62054073 is divided by 15513518.
1
Calculate the remainder when 17227920 is divided by 17227864.
56
Calculate the remainder when 50485476 is divided by 10633.
10625
Calculate the remainder when 631794 is divided by 523.
10
What is the remainder when 9920108 is divided by 57?
56
Calculate the remainder when 10980045 is divided by 465.
0
What is the remainder when 62216707 is divided by 5859?
5845
What is the remainder when 2206327 is divided by 18?
13
What is the remainder when 15778138 is divided by 28?
26
Calculate the remainder when 574807 is divided by 1283.
23
What is the remainder when 37474342 is divided by 247?
243
What is the remainder when 1196264 is divided by 149523?
80
What is the remainder when 128184754 is divided by 82?
58
What is the remainder when 384309642 is divided by 202?
198
Calculate the remainder when 3629938 is divided by 2020.
2018
Calculate the remainder when 33434847 is divided by 3254.
3251
Calculate the remainder when 4163450 is divided by 7117.
5
Calculate the remainder when 1618418 is divided by 12844.
74
Calculate the remainder when 152073989 is divided by 7.
4
What is the remainder when 14860424 is divided by 309?
305
Calculate the remainder when 16120087 is divided by 22.
5
What is the remainder when 170341 is divided by 338?
327
Calculate the remainder when 13056436 is divided by 2383.
2362
What is the remainder when 4939181 is divided by 841?
829
What is the remainder when 24474946 is divided by 4894989?
1
What is the remainder when 3490649 is divided by 18180?
89
Calculate the remainder when 4898164 is divided by 612269.
12
Calculate the remainder when 5929887417 is divided by 2619.
2616
Calculate the remainder when 2189438 is divided by 265.
8
What is the remainder when 667265 is divided by 355?
220
What is the remainder when 2149432 is divided by 19901?
124
What is the remainder when 544828344 is divided by 6791?
6787
What is the remainder when 39478 is divided by 12776?
1150
Calculate the remainder when 324126 is divided by 7178.
1116
What is the remainder when 5210714 is divided by 1460?
1434
What is the remainder when 18800965 is divided by 84?
1
Calculate the remainder when 72531 is divided by 12017.
429
Calculate the remainder when 655000 is divided by 19840.
280
What is the remainder when 4527491 is divided by 67574?
33
Calculate the remainder when 4147095 is divided by 1251.
30
Calculate the remainder when 47721 is divided by 934.
87
What is the remainder when 92442 is divided by 45938?
566
Calculate the remainder when 994809 is divided by 331569.
102
Calculate the remainder when 7808631 is divided by 6212.
147
Calculate the remainder when 1055826 is divided by 105582.
6
What is the remainder when 126567 is divided by 25255?
292
What is the remainder when 7413437 is divided by 1059062?
3
Calculate the remainder when 2714059 is divided by 2210.
179
Calculate the remainder when 13190168 is divided by 76.
64
Calculate the remainder when 146676181 is divided by 5836.
5829
Calculate the remainder when 4196079 is divided by 395.
389
Calculate the remainder when 669431 is divided by 33470.
31
Calculate the remainder when 8900442 is divided by 46.
40
Calculate the remainder when 2367105 is divided by 78.
39
Calculate the remainder when 17628466 is divided by 202626.
4
What is the remainder when 515279 is divided by 171452?
923
Calculate the remainder when 1799152 is divided by 85.
42
Calculate the remainder when 830072 is divided by 138339.
38
What is the remainder when 4866258 is divided by 83?
51
What is the remainder when 5186657 is divided by 4518?
4511
Calculate the remainder when 80321876 is divided by 20.
16
What is the remainder when 23971463 is divided by 891?
890
What is the remainder when 220194 is divided by 361?
345
Calculate the remainder when 72092 is divided by 116.
56
What is the remainder when 2855362 is divided by 28?
6
Calculate the remainder when 24826485 is divided by 25.
10
Calculate the remainder when 4066331 is divided by 35985.
26
What is the remainder when 16350 is divided by 16189?
161
What is the remainder when 2665386 is divided by 380754?
108
What is the remainder when 1760975 is divided by 360?
215
Calculate the remainder when 903499 is divided by 75.
49
What is the remainder when 47315 is divided by 47142?
173
Calculate the remainder when 3186430 is divided by 1042.
1036
Calculate the remainder when 214225 is divided by 13388.
17
Calculate the remainder when 6862236 is divided by 36501.
48
What is the remainder when 258012 is divided by 12892?
172
Calculate the remainder when 41428 is divided by 13795.
43
What is the remainder when 11375138 is divided by 2843781?
14
Calculate the remainder when 47707 is divided by 2321.
1287
What is the remainder when 41230384 is divided by 91?
13
Calculate the remainder when 4131329 is divided by 5071.
3535
Calculate the remainder when 84329 is divided by 14050.
29
Calculate the remainder when 2625579 is divided by 7039.
32
What is the remainder when 2793254 is divided by 1396623?
8
Calculate the remainder when 3480 is divided by 502.
468
Calculate the remainder when 11951522 is divided by 31.
30
What is the remainder when 1047068 is divided by 2931?
701
What is the remainder when 72612413 is divided by 16?
13
What is the remainder when 607231 is divided by 346?
1
What is the remainder when 1401199 is divided by 4208?
4143
Calculate the remainder when 14066380 is divided by 4119.
4114
Calculate the remainder when 3659126 is divided by 411.
404
What is the remainder when 94230225 is divided by 664?
657
What is the remainder when 377596 is divided by 4837?
310
What is the remainder when 209184 is divided by 7640?
2904
Calculate the remainder when 288756 is divided by 96172.
240
Calculate the remainder when 1817314 is divided by 605588.
550
What is the remainder when 529768 is divided by 26333?
3108
Calculate the remainder when 4616773 is divided by 4360.
3893
What is the remainder when 3011875 is divided by 3779?
12
Calculate the remainder when 173894 is divided by 2858.
2414
What is the remainder when 8768 is divided by 1674?
398
What is the remainder when 9893802 is divided by 93?
90
What is the remainder when 312239 is divided by 20782?
509
What is the remainder when 10205490 is divided by 158?
112
Calculate the remainder when 243124 is divided by 30295.
764
What is the remainder when 577624 is divided by 120?
64
What is the remainder when 7641574 is divided by 14752?
38
What is the remainder when 273263 is divided by 444?
203
Calculate the remainder when 2927655 is divided by 5879.
5792
What is the remainder when 4382569 is divided by 204?
37
What is the remainder when 127768 is divided by 5827?
5401
Calculate the remainder when 289183 is divided by 16.
15
Calculate the remainder when 5354212 is divided by 35.
17
Calculate the remainder when 7332 is divided by 806.
78
Calculate the remainder when 4065705 is divided by 123203.
6
What is the remainder when 208554 is divided by 18855?
1149
Calculate the remainder when 17105 is divided by 252.
221
What is the remainder when 2843575 is divided by 15622?
371
What is the remainder when 173208 is divided by 99?
57
Calculate the remainder when 36001 is divided by 826.
483
Calculate the remainder when 923762 is divided by 4713.
14
Calculate the remainder when 10539 is divided by 9423.
1116
What is the remainder when 81363 is divided by 4826?
4147
Calculate the remainder when 30841398 is divided by 1544.
1542
What is the remainder when 9280908 is divided by 4757?
1
Calculate the remainder when 14733231 is divided by 642.
615
What is the remainder when 47427398 is divided by 435113?
81
Calculate the remainder when 12636 is divided by 11.
8
Calculate the remainder when 2289495 is divided by 2210.
2145
What is the remainder when 132210 is divided by 173?
38
Calculate the remainder when 20228749 is divided by 2528591.
21
What is the remainder when 13504 is divided by 4367?
403
Calculate the remainder when 16458184 is divided by 1716.
28
Calculate the remainder when 13903 is divided by 8565.
5338
Calculate the remainder when 13381705 is divided by 501.
496
Calculate the remainder when 2965841 is divided b